eatest common divisor of 242 and 31823?
121
Calculate the greatest common divisor of 66 and 16467.
33
What is the highest common factor of 456 and 45840?
24
Calculate the greatest common divisor of 3276 and 29120.
364
Calculate the greatest common factor of 39 and 118625.
13
What is the highest common factor of 132 and 16742?
22
Calculate the greatest common divisor of 231309 and 1053.
351
Calculate the highest common factor of 5359 and 5825.
233
What is the greatest common divisor of 30064 and 16?
16
Calculate the highest common divisor of 885 and 1106545.
295
Calculate the highest common factor of 1818202 and 404.
202
Calculate the greatest common divisor of 3474 and 250.
2
What is the greatest common factor of 2349 and 150771?
87
What is the highest common divisor of 104397 and 51?
51
Calculate the greatest common divisor of 3195 and 438780.
1065
What is the greatest common divisor of 890524 and 508?
508
Calculate the greatest common divisor of 12089 and 3.
1
What is the highest common factor of 54 and 328590?
54
What is the greatest common divisor of 28630 and 952?
14
What is the greatest common factor of 2076480 and 960?
960
Calculate the greatest common factor of 12120 and 191640.
120
Calculate the highest common factor of 176 and 464.
16
What is the highest common divisor of 3 and 38808?
3
What is the greatest common divisor of 117 and 20527?
13
Calculate the highest common divisor of 2856 and 693.
21
What is the greatest common factor of 2233 and 4774?
77
Calculate the highest common factor of 295814 and 10943.
353
What is the highest common factor of 2623 and 37883?
43
Calculate the highest common divisor of 1408 and 748.
44
What is the greatest common divisor of 483 and 417174?
69
Calculate the greatest common divisor of 10622 and 49350.
94
Calculate the highest common factor of 255 and 35649.
51
What is the highest common divisor of 153 and 48858?
51
What is the greatest common divisor of 912 and 1625868?
228
Calculate the greatest common factor of 1620624 and 760.
152
What is the greatest common factor of 67605 and 15?
15
What is the highest common divisor of 616538 and 130?
26
What is the greatest common factor of 110 and 94150?
10
Calculate the highest common divisor of 350 and 818650.
350
Calculate the greatest common divisor of 113311 and 22.
11
What is the highest common factor of 768 and 785152?
256
Calculate the highest common divisor of 89 and 6932.
1
Calculate the highest common factor of 6119469 and 243.
243
What is the greatest common factor of 6237 and 18403?
77
What is the greatest common factor of 320958 and 2376?
198
Calculate the highest common divisor of 7070 and 3232.
202
What is the greatest common factor of 1927289 and 26?
13
Calculate the highest common factor of 118881 and 9.
9
Calculate the highest common divisor of 48480 and 30240.
480
What is the highest common factor of 872 and 27686?
218
What is the highest common divisor of 476544 and 1095?
219
Calculate the highest common divisor of 12 and 14614.
2
What is the highest common factor of 3068 and 85196?
236
What is the greatest common divisor of 31504 and 176?
176
What is the highest common divisor of 125756 and 13504?
844
What is the highest common divisor of 430 and 8480245?
215
What is the highest common divisor of 108 and 88884?
108
What is the greatest common divisor of 130763 and 86?
43
What is the greatest common divisor of 11352 and 16?
8
Calculate the greatest common divisor of 267350 and 200.
50
Calculate the highest common factor of 117 and 403650.
117
What is the highest common divisor of 17912 and 224?
8
What is the greatest common factor of 10 and 31630?
10
What is the highest common divisor of 24 and 20742?
6
What is the highest common divisor of 917 and 487451?
131
Calculate the highest common factor of 70 and 63245.
35
Calculate the highest common factor of 2907 and 441.
9
What is the highest common divisor of 10351 and 198?
11
Calculate the greatest common factor of 16899 and 103200.
129
Calculate the greatest common divisor of 80 and 1489552.
16
Calculate the greatest common divisor of 4845 and 3135.
285
What is the greatest common divisor of 4131 and 216?
27
Calculate the highest common divisor of 930 and 26846.
62
Calculate the highest common factor of 10923920 and 140.
140
What is the highest common factor of 1445 and 4522?
17
What is the highest common divisor of 240 and 38256?
48
Calculate the highest common divisor of 957 and 2112.
33
Calculate the greatest common factor of 32 and 31952.
16
Calculate the highest common divisor of 7367 and 3892.
139
Calculate the highest common divisor of 2158 and 1122658.
166
What is the greatest common factor of 33 and 187440?
33
What is the highest common divisor of 1896 and 220568?
632
Calculate the highest common divisor of 230 and 9400.
10
Calculate the highest common factor of 1321586 and 21.
7
What is the greatest common factor of 333 and 61263?
9
What is the highest common factor of 49 and 3469641?
49
Calculate the highest common divisor of 3 and 1732959.
3
Calculate the highest common factor of 3 and 27211.
1
Calculate the highest common factor of 38421 and 108.
27
What is the highest common divisor of 27 and 1572?
3
What is the greatest common factor of 80 and 85160?
40
Calculate the highest common factor of 810 and 2106.
162
Calculate the highest common factor of 10 and 52140.
10
What is the greatest common factor of 11 and 125059?
11
What is the highest common factor of 112283 and 47?
47
What is the greatest common divisor of 3698 and 46827?
43
Calculate the highest common divisor of 120697 and 29592.
137
What is the highest common factor of 89 and 183785?
89
Calculate the greatest common divisor of 609 and 57099.
21
What is the greatest common factor of 151 and 27331?
151
Calculate the highest common divisor of 775 and 37075.
25
What is the highest common factor of 2286 and 720?
18
Calculate the highest common divisor of 253 and 8195.
11
Calculate the greatest common factor of 629 and 152983.
17
What is the greatest common factor of 26 and 503191?
13
Calculate the highest common divisor of 201 and 74973.
201
Calculate the greatest common factor of 39 and 101994.
3
What is the greatest common factor of 151940 and 11005?
355
What is the highest common divisor of 105 and 187020?
15
Calculate the highest common divisor of 24507 and 144.
9
Calculate the highest common divisor of 6288 and 1965.
393
Calculate the highest common factor of 818295 and 340.
85
What is the greatest common factor of 6 and 5386?
2
What is the highest common factor of 210 and 335190?
30
Calculate the highest common divisor of 85695 and 58.
29
What is the highest common factor of 83909 and 7?
7
Calculate the highest common divisor of 2325 and 19716.
93
Calculate the highest common divisor of 224 and 33208.
56
What is the greatest common divisor of 521520 and 2050?
410
Calculate the highest common factor of 9 and 1229904.
9
What is the highest common divisor of 2395 and 285?
5
What is the greatest common divisor of 1088 and 52632?
136
What is the greatest common divisor of 850 and 20366?
34
Calculate the greatest common divisor of 870219 and 342.
171
What is the greatest common factor of 6048 and 13032?
72
Calculate the highest common divisor of 1912 and 522454.
478
Calculate the greatest common divisor of 1241 and 3650.
73
Calculate the highest common divisor of 2115771 and 2334.
1167
Calculate the greatest common factor of 11 and 15961.
11
What is the greatest common divisor of 60 and 368?
4
What is the greatest common divisor of 249606 and 14?
14
What is the greatest common divisor of 984963 and 39525?
1581
What is the highest common divisor of 50 and 2535975?
25
What is the highest common factor of 125 and 456675?
25
Calculate the greatest common divisor of 33250 and 1596.
266
What is the greatest common factor of 543432 and 168?
24
What is the highest common factor of 207 and 406502?
23
Calculate the greatest common factor of 18 and 153378.
18
Calculate the highest common divisor of 1735 and 5552.
347
What is the greatest common factor of 928 and 38483?
29
What is the greatest common factor of 46660 and 80?
20
Calculate the greatest common factor of 20 and 279072.
4
What is the greatest common divisor of 81 a